r?
False
Suppose -4*y + 15 = f, -y - 8 = -f + 7. Suppose -n = f*n - 89968. Is n a prime number?
True
Let s be (-8)/(-28) - 235/(-35). Suppose -39563 = -s*m + 45242. Is m a composite number?
True
Let i(p) = 31*p**3 - 5*p**2 + 10*p. Let t be i(3). Let n = 2183 - t. Is n composite?
False
Suppose 1371057 = 4*k + 3*t - 40933, 0 = -2*k - 3*t + 705992. Is k a composite number?
True
Let s = -2538 + 3568. Let d = s + -621. Is d a prime number?
True
Let j = -49801 + 30040. Let k = -28699 - j. Let c = k - -12987. Is c a prime number?
True
Is ((-4)/(-28))/(113/101179183) prime?
True
Let a(x) = 5*x**2 + 136*x + 6574. Is a(-125) prime?
True
Is 28/(-2) + 1140132 + (1 - 4) composite?
True
Let r(i) = 172*i - 33 + 0 + 4 - 8. Is r(17) prime?
True
Suppose -1345 + 28459 = 2*t. Suppose -10*r = -9*r - t. Is r composite?
True
Is 0/(-404) - (-1 - 127645) a composite number?
True
Let l(o) = o**2 + o - 1. Let n be l(-3). Suppose -n*k + 5 = -4*k. Suppose -5*j + 770 = 2*s - 58, k*j = 4*s - 1626. Is s a composite number?
False
Let n = -179940 - -287377. Is n a prime number?
False
Let l(x) = 4*x + 294*x**3 - x - 292*x**3 - 2 - 5*x. Let h be l(-1). Let z(u) = 95*u**2 + 1. Is z(h) composite?
True
Let w = 4202 - -24755. Is w composite?
True
Suppose -3*y - 15*y + 234 = 0. Suppose 8*h + 715 = y*h. Is h composite?
True
Suppose -208*n + 241916845 = -181883561 + 16230022. Is n composite?
False
Let i(t) = 2049*t - 112. Is i(5) composite?
False
Let l be 2/(-11) - 2/(-11). Suppose 6*s - 3*s - 9 = l. Suppose -s*f + 50 = -136. Is f a prime number?
False
Let b be (1 + 0 - -1) + 13 + 0. Suppose -5*o + 10 = -b. Suppose -o*m = 3*f - 3458, -f = m - 107 - 1045. Is f a composite number?
False
Suppose 3*u = -i + 30118, -3*u + 33404 + 56920 = 3*i. Is i composite?
False
Suppose 76 = -2*w - 2*w. Let v be (-32)/6 - 3/(-9). Is w/((15/33)/v) prime?
False
Let b be 1/6 + 11/12*-58. Let n = -55 - b. Is (-2)/2 + 1356/6 + n a composite number?
False
Suppose -r = r - 31090. Suppose -21*m + 16*m = -r. Is m prime?
True
Suppose 27732 = 2*d + d. Let y = 23615 - d. Is y a prime number?
False
Let a be 1 + (-5 - (-27)/3). Suppose -5*j = a*z - 27050, -3*z = -4*j - 3187 - 13022. Is z a prime number?
True
Suppose 7*a + 5806 = 8*a. Suppose 3*y = 5*x - 504 - a, 0 = -5*x - 4*y + 6275. Is x a composite number?
False
Let y(j) = 66*j**2 - 15*j - 4. Let s(a) = 28*a**2 - 2*a - 3. Let o be s(-1). Let w = o - 30. Is y(w) composite?
True
Let j be (-3)/2 + (12/8 - -3). Suppose 4*p - j*t = -32, -4*p + 4*t = -t + 32. Is (-4 - -6)/(p/(-3020)) a prime number?
False
Suppose -4*g = 2*h - 780846, 261*g - 3*h + 585636 = 264*g. Is g a composite number?
True
Let l(c) = 6*c**3 - 10*c**2 - 22*c + 9. Let x(w) = w**3 + w**2 - 3*w - 1. Let a(u) = l(u) - 2*x(u). Is a(10) prime?
False
Let b(g) = 451*g**2 - 57*g + 1135. Is b(16) prime?
True
Suppose -21*k - 27*k + 192 = 0. Suppose 3*l - h = l + 447, 0 = 3*l + k*h - 665. Is l a prime number?
True
Let l = -173 + 173. Suppose l*c - 2198 = -2*c. Is c prime?
False
Let v be 2/10 + 553722/65. Let q = v - 5434. Is q prime?
False
Let z(v) = v**2 - 18*v + 4. Let p be z(18). Suppose 2*j - 1116 = -3*n, n = -p*j - n + 2232. Suppose 931 = 5*y - 4*f, 3*y - 4*f = -f + j. Is y a prime number?
False
Let q = 133602 + -71741. Is q a prime number?
True
Let y = -531 - -533. Suppose m + 4*m + 6471 = y*d, -16095 = -5*d - 4*m. Is d composite?
True
Let s(q) be the second derivative of q**4/12 + q**3/6 - 3*q**2/2 + 4*q. Let w be 1/(3/15*(-20)/(-32)). Is s(w) prime?
False
Let j = -43 + 36. Let s be 28/98 - 82/j. Is ((-38)/4)/(s/(-408)) a prime number?
False
Let g be 4/18 - 14/(-18) - 4. Is (-4 - 107/(-5))/(g/(-15)) composite?
True
Let h be (12/27)/((-34)/(-153)). Suppose -y + 5*c - 231 = -1491, -h = 2*c. Is y composite?
True
Suppose 7*n = -2*n + n. Suppose 2*b = -n*b - 10, 0 = 4*s + b - 37559. Is s a composite number?
False
Let o be -1 + (-12)/((-3)/1) - -104553. Suppose 5*q = -7*q + o. Is q composite?
False
Let x be (-10)/3*12/8. Let c(p) = -7*p**3 + 4*p**2 - 4*p - 6. Let y be c(x). Is y/3 + 24/18 a composite number?
False
Let k = -80548 + 189698. Let s = -77771 + k. Is s composite?
False
Suppose 0 = u + 5 - 1, 4*k = -3*u - 484. Let n = 29 - k. Suppose 5*s - 3*f = 5357, -s - f + 918 + n = 0. Is s prime?
True
Let z(o) = 185*o**2 + 58*o + 579. Is z(-22) composite?
False
Let o(t) = 13 + 63*t - 67 + 20. Let b be o(5). Suppose 1261 = 6*l - b. Is l a prime number?
True
Let u = -83 + 79. Let v(b) = 2436*b + 11. Let q(r) = 2436*r + 10. Let l(g) = u*q(g) + 3*v(g). Is l(-1) a prime number?
False
Let q(f) = -24*f + 10. Let c = 353 - 357. Is q(c) prime?
False
Suppose z - 867 = -2*z. Suppose 0 = 7*g + 51 + 551. Let r = z + g. Is r a composite number?
True
Let a = 71963 - -269646. Is a prime?
False
Suppose h - 873*f - 308925 = -869*f, -3*f = 24. Is h a composite number?
True
Suppose -5*g = -w + 188016, -2460*w = -2458*w + 3*g - 376123. Is w composite?
True
Let g = 32346 - 22151. Is g a prime number?
False
Suppose 5 = 2*y - 9. Let z(w) be the second derivative of w**5/10 + w**4/3 + 7*w**3/3 - 3*w**2/2 - 33*w. Is z(y) composite?
False
Suppose 4*u = -4*q + 1024456, 2*q + 103*u - 100*u = 512225. Is q composite?
False
Let r = -67994 - -126315. Is r a composite number?
False
Is ((-231)/22)/(-21) - 8639931/(-6) a prime number?
True
Suppose 0*w - 2 = -w. Suppose -4*q - w = -3*f - 5, -q + 3 = 0. Suppose -3*m + 2255 = -b, -5*b + 1473 + 770 = f*m. Is m a prime number?
True
Suppose 3*p = -0 + 15. Suppose 3846 = p*m - 3*m. Is m prime?
False
Suppose -51*q + 25685317 = 68*q. Is q a composite number?
False
Let k = -141281 - -210276. Is k composite?
True
Let d = 260736 + -166183. Is d a composite number?
True
Let k(s) = 12*s**3 - 6*s**2 - 13*s + 52. Let g(n) = 3*n - 25. Let o be g(10). Is k(o) a composite number?
True
Suppose -y - y = -7*y. Suppose 5*n + 3*o - 4801 = y, -4*n + 2*o + 3570 = -262. Is n a prime number?
False
Let s(x) = 1126*x**2 + 17*x + 23. Is s(-24) composite?
False
Is (50/125)/((-18)/(-29081385)) a composite number?
False
Suppose 772 + 1086 = 2*w. Let c = w - 298. Is c a prime number?
True
Let a(h) = 10*h**2 + 5*h - 8. Suppose 0 = -2*y - 3 - 1. Let p be -4 + (3 - 1)/y. Is a(p) a composite number?
True
Let t(u) = -427*u + 12. Let c(l) = 153 + 153 - 310 + 142*l. Let z(w) = 8*c(w) + 3*t(w). Is z(-3) composite?
False
Let n = 465 - 306. Let f(r) = 132*r**2 + 2. Let k be f(-2). Let c = n + k. Is c a composite number?
True
Is 7/238*38186 + 8/(-68) composite?
False
Suppose -81*w + 45641 + 381618 = -77290. Is w a prime number?
True
Suppose -6 = -v - 6. Suppose v = -3*n + k - 22, -4*n - 3*k - 25 = -0*n. Let u(a) = a**3 + 8*a**2 - 2*a + 16. Is u(n) composite?
False
Let s(k) = -k - 8. Let w be s(10). Suppose -6*m - 58 = 32. Let q = m - w. Is q a prime number?
True
Is (-36 - -37)*(26369*4 - -1) a composite number?
True
Let x = -87 - -116. Suppose -x*f + 30*f = 314. Is f prime?
False
Suppose -x - 476102 = -4*a, -3*a - 10*x = -9*x - 357087. Is a a prime number?
True
Suppose 1015*q - 989*q = 9660274. Is q a prime number?
True
Suppose 0 = -5*y + 4*g + 393389, 3*y - g - 237521 = -1496. Is y a prime number?
False
Suppose -4*n - 3*s + 9 = 0, -2*s + 2 = 2*n - 0. Let h(w) = 11*w**2 - 4*w - 2. Let u be h(n). Suppose f - 375 = u. Is f a composite number?
True
Suppose 0 = 3*o - 11*o + 16. Suppose -13776 = -3*x - 3*b, -9180 = -3*x + x + o*b. Is x a composite number?
False
Let a(g) = -g**2 + 12*g + 29. Let t be a(13). Let m be (-7840)/6 - t/(-24). Let w = -927 - m. Is w a composite number?
False
Suppose 24 = -10*z + 2*z. Let g be (10 + z)/(-7) + 7 + -1. Suppose 0 = -g*y + 713 - 78. Is y composite?
False
Suppose w - 29411 = 13218. Is w a prime number?
False
Suppose 49*c - 37956 = 12857. Is c a prime number?
False
Suppose 139170 + 285880 = 50*k. Is k composite?
False
Let i = -92 + 88. Let m be (96/(-112))/(i/14). Suppose -y = v - 703, -4*y + m*v = -y - 2085. Is y a prime number?
False
Suppose 4*o + 3*z = -14417, -3*o = -0*z + 5*z + 10799. Let h = o - -5593. Is h a composite number?
True
Suppose -2*p + 8189 = -y, -16*y = -12*y - 3*p + 32776. Let r = -482 - y. Is r a composite number?
True
Let z = -7939 - -4251. Let w = 6687 + z. Is w a composite number?
False
Let q = -1489 + 3029. Suppose -4*s + 552 = -q. Suppose i - s - 2046 = 0. Is i composite?
True
Let j(q) 